-2
Let x(u) = -u**2 + 15*u - 2. Let n be x(15). Let k(g) = 3*g**2 + 4*g + 3. Determine k(n).
7
Let q(a) = a**3 + 10*a**2 - 12*a - 7. Let l be q(-11). Let f = -1 - -5. Let u(y) = f*y + 4 - 4*y + 4*y**2 - y**3. Give u(l).
4
Let t(g) = g. Let r be t(4). Let a be (-19)/(-7) + r/14. Let d(l) be the third derivative of -l**5/60 + 2*l**3/3 - 3*l**2. Give d(a).
-5
Suppose 2*o - n - 4 = -0*o, -n - 2 = -o. Suppose -4*x - 2 = 5*g, -5*g - 3*x + 25 = -8*x. Let f(z) = -o + z - 3 + g. Give f(0).
-3
Let f(x) = 7*x - 1. Let l(g) = -15*g + 2. Let r(w) = -3*w + 8. Let i be r(7). Let h(y) = i*f(y) - 6*l(y). Determine h(4).
-3
Let q = -13 - -22. Let g(n) = q*n**2 - 7*n**2 + 2*n**3 - n**3 - 2*n + 1. Calculate g(-3).
-2
Let k(a) = 0 - a - 2*a**2 + 0 + 5*a**3. Let q be -3 - -1*2 - 1. Let v be 55/(-45) - q/9. What is k(v)?
-6
Let t(y) = -y + 1. Suppose -3*g + 22 = 4. Let n(o) = o**2 - 4*o - 7. Let w be n(g). Suppose 0 = 3*c - v - 7, -3*v - 14 = -w*c + 3. Determine t(c).
0
Let j = 10 - 7. Let k(d) = -d**3 + 4*d**2 - 3*d + 2. Give k(j).
2
Suppose 0 = -4*o + 132 + 12. Suppose -4*w = -0*w + o. Let p = -14 - w. Let a(k) = k**3 + 4*k**2 - 3*k + 4. Give a(p).
-6
Let w(z) = z - 2. Suppose 0 = -i + g + 8, 0 = -3*i - 0*i - 5*g. Give w(i).
3
Let w(d) = 2*d - 22. Let m be w(11). Let c(s) = s**3 - s**2 + s + 4. Determine c(m).
4
Let s(u) = 4*u + u + 0*u - 4 - 4*u. Determine s(3).
-1
Let a(o) = -o - 11. Let v = -6 - -18. Let z be 4/6 - (-148)/v. Let u = 8 - z. What is a(u)?
-6
Let q(s) = s**3 + 6*s**2 + 6*s + 2. Let m(v) = -v**3 - 6*v**2 - 6*v - 2. Let i(w) = 6*m(w) + 7*q(w). Determine i(-5).
-3
Let s(w) be the first derivative of -w**4/12 - 3*w**3/2 - 9*w**2/2 - 8. Let y(g) be the second derivative of s(g). Determine y(-6).
3
Let z(w) = -w**3 - 3*w**2 - w + 2. Let f be z(-2). Let a(d) = -d**2 + 0*d + 2 + 2*d**2 + d. Determine a(f).
2
Suppose -5*s + 8 = -7. Let z(x) be the first derivative of -x**4/4 + x**3 - x**2/2 - 4*x - 16. Determine z(s).
-7
Suppose -3*o + 13 = 4. Let n(m) = 3*m - 8 - 3*m**2 + 4*m**2 + 4. Determine n(o).
14
Let v(s) = -2*s - 8. Let m be v(-6). Suppose l + m*l = 25. Let g(u) = 6*u + u**3 + 3*u**3 + u**2 + l + 5*u**2 - 3*u**3. What is g(-5)?
0
Let y(w) = w**2 + w + 2. Suppose 0 = -g + 4*g - 3*b + 48, -5*g - 68 = -2*b. Let m = g + 14. Calculate y(m).
8
Let d(l) = -l - 3. Let i be d(-6). Let c(z) = z**3 - 4*z**2 + 2*z + 1. Let p be c(i). Let x(y) = -y**3 - y**2 - 2*y. Give x(p).
8
Let i(o) = -o**3 - 4*o**2 + 4*o - 7. Suppose 0*a - 2*k = -3*a - 21, 5*a = -4*k - 13. What is i(a)?
-2
Let o be (4/10)/(-1) - 136/(-40). Let z(n) = -13*n - 5. Let j(d) = -3*d - 1. Let q(i) = 9*j(i) - 2*z(i). Calculate q(o).
-2
Suppose 3*s = -z + 5*z - 3, 4*z - 2*s - 6 = 0. Let l(r) = -r**3 + 4*r**2 - r. Calculate l(z).
6
Suppose 0 = y - 3 - 7. Suppose -2*m + 4 = y. Let p(c) = -c**3 - 3*c**2 + 6*c + 3. Let u(w) = -w**3 - 3*w**2 + 5*w + 2. Let h(j) = 4*p(j) - 5*u(j). What is h(m)?
5
Let h(m) be the third derivative of -m**4/24 + m**3/2 - 5*m**2. Calculate h(3).
0
Let o(s) = s**3 - 3*s**2 - 2*s + 3. Let b be (-3 + 2)/(1/3). Let t = b + 3. Suppose 0 = l - t - 3. Give o(l).
-3
Let c(n) = -n**2 + n - 1. Let x(a) = -a**2 - 4. Let f(d) = -2*c(d) + x(d). Determine f(6).
22
Let b(k) be the third derivative of k**5/60 + 5*k**4/24 + k**3 + 2*k**2. Let s(c) = c. Let m be s(0). Suppose m = -0*j - 2*j - 10. Determine b(j).
6
Let x = 4 + -2. Let k(m) be the first derivative of m**5/60 + m**4/12 - m**3/3 + 5*m**2/2 - 2. Let y(c) be the second derivative of k(c). Calculate y(x).
6
Let g(s) be the first derivative of -7*s**4/4 - s**3/3 + s**2/2 + s - 4. Suppose -5*k - q = 10, 4*q + 21 = 4*k - 5*k. What is g(k)?
6
Let k(l) = l**2 - 6*l + 6. Let v be ((-4)/(-7))/(4/14). Suppose 5*q - v*q - 12 = 0. Calculate k(q).
-2
Let b(n) = -n + 24 + 29 + 25 - 80. Calculate b(0).
-2
Suppose l + l - 20 = 0. Let h = l + -15. Let n(z) = 2*z + 7. Determine n(h).
-3
Let p(h) = 2*h**3 - 3*h**2 + h - 2. Let k(v) = -v**3 - 10*v**2 + 25*v + 14. Let r be k(-12). Determine p(r).
4
Let y = 7 - 3. Suppose -6*h + y = -2*h. Let w(k) = 3*k - 3*k - k - h. What is w(-3)?
2
Let f(r) be the third derivative of r**4/24 + 7*r**3/6 - r**2. Let g(i) = 5*i. Let s be g(-1). What is f(s)?
2
Let q be 1 + (12/(-4))/1. Let n(s) = -4*s - 3. What is n(q)?
5
Let z = -17 - -15. Let x(j) be the second derivative of -j**4/12 - j**3/3 - j**2 - j. Determine x(z).
-2
Let l = -5 - -10. Let c(a) = -a**2 - 4*a - 3*a - 6 + 4*a + l. Calculate c(-1).
1
Let d(r) be the second derivative of r**3/6 - 2*r**2 - 30*r. Let i(f) = 3*f**2 - 2*f - 1. Let t be i(-1). Calculate d(t).
0
Let z = 0 + -4. Let q(u) be the first derivative of 1/4*u**4 + u**2 + 1 - 5*u + 5/3*u**3. What is q(z)?
3
Let s(r) be the third derivative of r**4/24 - r**3/6 + 11*r**2. Calculate s(4).
3
Let t(k) = -k**2 + 4*k + 2. Let a be t(5). Let b(d) be the third derivative of -d**5/30 - d**4/6 - 2*d**3/3 - 29*d**2. Determine b(a).
-10
Let v(l) = -l**2 + 2*l + 1. Let c be (7 - 1)*(-32)/(-48). Determine v(c).
-7
Let q(o) be the third derivative of -1/2*o**3 + 0 - 1/60*o**5 - 2*o**2 + 1/6*o**4 + 0*o. Suppose 2*l - 6 = -0*l - 2*y, -2*l - 3*y + 5 = 0. What is q(l)?
-3
Suppose -5*o = 5*k + 1 - 26, k = 3*o - 11. Let i(n) = o + 0 + 2*n - n. Suppose 0 = z + 1 + 3. What is i(z)?
0
Let c(g) be the second derivative of -g**3/3 - g**2/2 - 4*g. Let y be (1/(-2))/((-5)/30). Let b = -6 + y. Give c(b).
5
Let u = 1 + 2. Suppose 5*b + 0*c - 12 = c, 3*b - 12 = u*c. Let o(k) = b - 7*k**2 + 3*k**2 - 3 + k**3 - 6*k. What is o(5)?
-6
Let o(t) = -t**3 + 14*t**2 - 12*t - 9. Let d be o(13). Let c(n) be the first derivative of -n**3/3 + 5*n**2/2 - 3*n + 1. Calculate c(d).
1
Let i(f) be the first derivative of 1/2*f**2 - 3*f - 3. Calculate i(0).
-3
Let m(p) = p - 8. Let i be ((-16)/20)/((-1)/10). Give m(i).
0
Let c(b) be the first derivative of -b**2/2 + 1. Let f = 8 + -5. Suppose -5*k - f = 7, -y + 3 = -2*k. Determine c(y).
1
Let q = -3 + 6. Let k be 3/q + (-2 - -1). Let d(y) = -y**3 + y**2 + y - 4. Determine d(k).
-4
Let x = 1 + -3. Let f(d) be the second derivative of -d**4/6 - d**3/6 - d. What is f(x)?
-6
Let x be 8 + -1 + 1 - 2. Let n(z) = -z - 3. Let j(t) = 1. Let a(g) = -4*j(g) - n(g). Calculate a(x).
5
Let d(y) = y**2 + 7*y + 4. Let m be d(-4). Let q(u) = u**3 + 7*u**2 - 9*u - 11. Determine q(m).
-3
Let v(g) = g**2 - 126 + 2*g - 2*g**2 + 7*g**3 + 125. What is v(1)?
7
Let v(g) be the second derivative of -g**3/3 - g**2 + 8*g. Determine v(-3).
4
Let r(i) = i**2 - 3*i + 1. Let o = 219 + -215. What is r(o)?
5
Suppose 2*g - 7*g - 10 = 0. Let w(s) be the third derivative of -s**4/6 + s**3/3 - 5*s**2. What is w(g)?
10
Let t be 3*(-2 + 2 + -1). Let s(u) = 3*u**2 + u**3 + 1 - u + 0*u**2 - u**2 + 0*u**2. Give s(t).
-5
Let g be ((-11)/4)/((-2)/8). Let a(i) = 13*i**2 - g*i**2 + 11*i**2. Calculate a(-1).
13
Let q(p) be the third derivative of -p**5/60 - p**4/4 - p**3/6 - 9*p**2. Calculate q(-7).
-8
Let y(o) = o - 9. Let w = 4 + -4. What is y(w)?
-9
Let m = 5 - -1. Let q(u) = 10 + m*u - 4*u - u. Let s = 0 - 5. Determine q(s).
5
Let u(w) = -w**3 - 5*w**2 + 5*w - 5. Let l be u(-6). Let f(x) = -4*x**2 - x + 1. What is f(l)?
-4
Let v(m) = m - 6. Let w(g) = 4*g - 18. Let u(o) = 10*v(o) - 3*w(o). Let x = -6 - -2. Calculate u(x).
2
Let m be (14/2)/(26 + -27). Let d(y) = y**2 + 4*y + 5. Determine d(m).
26
Let b(o) = o - 1. Suppose 9 = 7*r - 4*r. Suppose -r*y + 25 = -j - 0*j, 4*y + 3*j = 42. Suppose 2*t + 23 = -2*q + y, t = -5*q - 19. Give b(q).
-4
Let m(z) be the first derivative of z**3/6 + z - 2. Let y(x) be the first derivative of m(x). Determine y(-6).
-6
Let g(f) = f**2 - 6*f + 12. Let b be g(4). Let h(r) be the second derivative of 0 - r**2 - 2*r - 1/20*r**5 - 5/12*r**b + 7/6*r**3. Determine h(-6).
-8
Let l(n) = -n**3 - 5*n**2 + 6. Let u(c) = c + 9. Let g be u(-7). Let q be g + -3 + 0 + 3. Let y be (-1)/(q/10)*1. Give l(y).
6
Let g be 6*1*2/4. Let h(u) = 4 - 27*u + 54*u - 30*u. Determine h(g).
-5
Let n(u) = u**2 + 6*u + 1. Let l = 19 - 3. Let f = 10 - l. Calculate n(f).
1
Let b(a) = 3 + 5 - 6 + 3. Let s(o) = o + 9. Let p(t) = 5*b(t) - 3*s(t). Give p(-3).
7
Let a = 1 - -4. Let s(w) = -w**2 + 7*w - 4. Let g be s(a). Let z be (g/(-8))/(2/8). Let f(c) = c - 2. Determine f(z).
-5
Let n(o) = 5*o**3 - 3*o**2 + 3*o - 1. Let t be n(1). Let b(v) be